 divided by 851?
840
Calculate the remainder when 2929828 is divided by 1745.
1718
What is the remainder when 1376419 is divided by 3494?
3277
What is the remainder when 231640 is divided by 17818?
6
What is the remainder when 707005 is divided by 1000?
5
Calculate the remainder when 13253444 is divided by 1027.
9
Calculate the remainder when 4931915 is divided by 14.
9
Calculate the remainder when 8378735 is divided by 115.
65
What is the remainder when 1536522 is divided by 711?
51
Calculate the remainder when 79342 is divided by 12223.
6004
Calculate the remainder when 143385 is divided by 47714.
243
What is the remainder when 3557727 is divided by 6504?
39
What is the remainder when 2741663 is divided by 331?
321
Calculate the remainder when 3875169 is divided by 1937576.
17
What is the remainder when 2034083 is divided by 204?
203
What is the remainder when 704618 is divided by 28?
26
What is the remainder when 653704 is divided by 432?
88
Calculate the remainder when 547131572 is divided by 52.
0
Calculate the remainder when 135202 is divided by 44886.
544
Calculate the remainder when 858185 is divided by 26818.
9
Calculate the remainder when 6329784 is divided by 546.
6
Calculate the remainder when 4082652 is divided by 31405.
2
What is the remainder when 38763145 is divided by 19381561?
23
Calculate the remainder when 1907253 is divided by 94.
87
What is the remainder when 20102 is divided by 102?
8
What is the remainder when 5314411 is divided by 531438?
31
Calculate the remainder when 5812959 is divided by 80.
79
Calculate the remainder when 940770 is divided by 940719.
51
What is the remainder when 292245456 is divided by 1235?
1231
What is the remainder when 12830747 is divided by 9?
5
What is the remainder when 5838 is divided by 925?
288
What is the remainder when 24206 is divided by 34?
32
Calculate the remainder when 96007486 is divided by 74.
34
Calculate the remainder when 1086941 is divided by 868.
205
Calculate the remainder when 4020258 is divided by 86.
16
What is the remainder when 6108181 is divided by 668?
657
Calculate the remainder when 193608 is divided by 27123.
3747
Calculate the remainder when 69782377 is divided by 2885.
2882
What is the remainder when 2863661 is divided by 650?
411
What is the remainder when 14804404 is divided by 3120?
4
What is the remainder when 1969370 is divided by 38615?
5
What is the remainder when 249608 is divided by 2207?
217
Calculate the remainder when 4053782 is divided by 187.
183
Calculate the remainder when 10204 is divided by 2973.
1285
Calculate the remainder when 52216 is divided by 3408.
1096
What is the remainder when 23797045 is divided by 220?
85
Calculate the remainder when 1162500610 is divided by 406.
404
Calculate the remainder when 622301 is divided by 821.
804
What is the remainder when 41876678 is divided by 307?
36
Calculate the remainder when 63398 is divided by 6536.
4574
Calculate the remainder when 9393105 is divided by 2348273.
13
What is the remainder when 98148205 is divided by 26?
25
Calculate the remainder when 286495 is divided by 143.
66
What is the remainder when 301365 is divided by 120?
45
What is the remainder when 3593158 is divided by 6?
4
Calculate the remainder when 29995767 is divided by 5961.
15
Calculate the remainder when 361503 is divided by 180745.
13
What is the remainder when 467661076 is divided by 43?
42
Calculate the remainder when 19832672 is divided by 2569.
2561
Calculate the remainder when 4993832 is divided by 1548.
1532
Calculate the remainder when 569652 is divided by 37567.
6147
Calculate the remainder when 70367462 is divided by 14073487.
27
What is the remainder when 19529214 is divided by 2441151?
6
Calculate the remainder when 187675 is divided by 2338.
635
Calculate the remainder when 39347 is divided by 12860.
767
Calculate the remainder when 3132183 is divided by 587.
538
What is the remainder when 352069 is divided by 178?
163
Calculate the remainder when 958872 is divided by 142.
88
Calculate the remainder when 401237251 is divided by 47.
37
What is the remainder when 9059 is divided by 2002?
1051
Calculate the remainder when 380603 is divided by 2401.
1245
Calculate the remainder when 3870968 is divided by 1270.
8
What is the remainder when 8007451 is divided by 13?
10
Calculate the remainder when 573003 is divided by 923.
743
Calculate the remainder when 1198820 is divided by 412.
312
What is the remainder when 85602 is divided by 42552?
498
Calculate the remainder when 47697 is divided by 4762.
77
What is the remainder when 19477 is divided by 9288?
901
What is the remainder when 417421 is divided by 279?
37
Calculate the remainder when 5561886 is divided by 5561820.
66
What is the remainder when 8722137 is divided by 197?
159
What is the remainder when 51216 is divided by 25584?
48
Calculate the remainder when 58768 is divided by 10675.
5393
What is the remainder when 12115477 is divided by 26?
23
What is the remainder when 957183 is divided by 136739?
10
Calculate the remainder when 6774357 is divided by 1266.
1257
What is the remainder when 21633823 is divided by 5408455?
3
Calculate the remainder when 18373594 is divided by 400.
394
What is the remainder when 3245 is divided by 1103?
1039
Calculate the remainder when 15956277 is divided by 1741.
12
Calculate the remainder when 15414632 is divided by 5138208.
8
What is the remainder when 11073753 is divided by 587?
585
What is the remainder when 15858882 is divided by 337?
336
Calculate the remainder when 96851 is divided by 2477.
248
What is the remainder when 5853823 is divided by 25?
23
What is the remainder when 147251 is divided by 72940?
1371
Calculate the remainder when 80545 is divided by 983.
922
Calculate the remainder when 1984812 is divided by 124049.
28
What is the remainder when 57009 is divided by 362?
175
What is the remainder when 750080 is divided by 125006?
44
Calculate the remainder when 12317388 is divided by 16467.
72
Calculate the remainder when 1561035 is divided by 1616.
1595
Calculate the remainder when 17378035 is divided by 27281.
38
What is the remainder when 936288 is divided by 133755?
3
Calculate the remainder when 204571655 is divided by 17.
13
Calculate the remainder when 73387 is divided by 915.
187
What is the remainder when 5618763 is divided by 8552?
99
Calculate the remainder when 637823 is divided by 18690.
2363
What is the remainder when 19376042 is divided by 835?
702
Calculate the remainder when 5137685 is divided by 856271.
59
Calculate the remainder when 209763735 is divided by 69921245.
0
Calculate the remainder when 894130 is divided by 1919.
1795
Calculate the remainder when 4848769 is divided by 2424242.
285
What is the remainder when 233152 is divided by 2416?
1216
Calculate the remainder when 4147982 is divided by 2258.
36
Calculate the remainder when 435899 is divided by 53978.
4075
Calculate the remainder when 361681 is divided by 4892.
4565
Calculate the remainder when 13590766 is divided by 1612.
1606
What is the remainder when 593075 is divided by 4135?
1770
Calculate the remainder when 3823022 is divided by 578.
130
Calculate the remainder when 322243 is divided by 447.
403
Calculate the remainder when 193575 is divided by 64450.
225
What is the remainder when 6395 is divided by 1021?
269
What is the remainder when 191473 is divided by 191429?
44
Calculate the remainder when 995106 is divided by 9.
3
What is the remainder when 74653 is divided by 24604?
841
Calculate the remainder when 227973957 is divided by 1290.
1287
Calculate the remainder when 10154774 is divided by 28.
14
What is the remainder when 363794 is divided by 121257?
23
What is the remainder when 20453831 is divided by 1390?
1371
What is the remainder when 699645 is divided by 143?
89
Calculate the remainder when 4239 is divided by 1383.
90
Calculate the remainder when 805927 is divided by 61957.
486
What is the remainder when 49307441 is divided by 1456?
1
Calculate the remainder when 28768821 is divided by 43.
15
What is the remainder when 2204614 is divided by 2204587?
27
What is the remainder when 10735711 is divided by 214714?
11
What is the remainder when 40884898 is divided by 420?
418
What is the remainder when 2308174 is divid